{"id":371,"date":"2023-10-20T14:38:11","date_gmt":"2023-10-20T12:38:11","guid":{"rendered":"https:\/\/bdese.emalti-rh.fr\/?page_id=371"},"modified":"2023-10-25T09:34:15","modified_gmt":"2023-10-25T07:34:15","slug":"actualites-bdese","status":"publish","type":"page","link":"https:\/\/bdese.emalti-rh.fr\/index.php\/actualites-bdese\/","title":{"rendered":"Actualit\u00e9s BDESE"},"content":{"rendered":"\n<h2 class=\"wp-block-heading\" id=\"h-en-quete-d-actualites-bdese\">En qu\u00eate d&#8217;actualit\u00e9s BDESE ?<\/h2>\n\n\n\n<p>Vous \u00eates \u00e0 la recherche d&#8217;informations r\u00e9centes sur la Base de Donn\u00e9es Economiques, Sociales et Environnementales, et bien les actualit\u00e9s BDESE c&#8217;est par ici :<\/p>\n\n\n\n<p><\/p>\n\n\n<ul style=\"padding-top:var(--wp--preset--spacing--x-small);padding-bottom:var(--wp--preset--spacing--x-small);padding-left:var(--wp--preset--spacing--x-small);padding-right:var(--wp--preset--spacing--x-small);margin-top:var(--wp--preset--spacing--x-small);margin-bottom:var(--wp--preset--spacing--x-small);margin-left:var(--wp--preset--spacing--x-small);margin-right:var(--wp--preset--spacing--x-small);\" class=\"wp-block-latest-posts__list has-dates has-author has-link-color aligncenter wp-elements-c2a1d4e82725366ed7df20e33b852d7b wp-block-latest-posts\"><li><div class=\"wp-block-latest-posts__featured-image alignleft\"><a href=\"https:\/\/bdese.emalti-rh.fr\/index.php\/2023\/10\/16\/la-bdese\/\" aria-label=\"la BDESE, mais qui est concern\u00e9 ?\"><img loading=\"lazy\" decoding=\"async\" width=\"150\" height=\"150\" src=\"https:\/\/bdese.emalti-rh.fr\/wp-content\/uploads\/2023\/10\/BDESEpouQui-150x150.png\" class=\"attachment-thumbnail size-thumbnail wp-post-image\" alt=\"La BDESE\" style=\"\" \/><\/a><\/div><a class=\"wp-block-latest-posts__post-title\" href=\"https:\/\/bdese.emalti-rh.fr\/index.php\/2023\/10\/16\/la-bdese\/\">la BDESE, mais qui est concern\u00e9 ?<\/a><div class=\"wp-block-latest-posts__post-author\">par Thibaut RAMON<\/div><time datetime=\"2023-10-16T17:41:01+02:00\" class=\"wp-block-latest-posts__post-date\">16 octobre 2023<\/time><div class=\"wp-block-latest-posts__post-excerpt\">Toute entreprise d&#8217;au moins 50 salari\u00e9s doit mettre \u00e0 disposition du comit\u00e9 social et \u00e9conomique (CSE) ou des repr\u00e9sentants du personnel une base de donn\u00e9es \u00e9conomiques, sociales et environnementales (la BDESE). En effet, cette obligation est intervenue en juin 2014 pour les entreprises de plus de 50 salari\u00e9s. Enfin ,c&#8217;est depuis juin 2015 que les\u2026 <a class=\"wp-block-latest-posts__read-more\" href=\"https:\/\/bdese.emalti-rh.fr\/index.php\/2023\/10\/16\/la-bdese\/\" rel=\"noopener noreferrer\">Lire la suite<span class=\"screen-reader-text\">\u00a0: la BDESE, mais qui est concern\u00e9 ?<\/span><\/a><\/div><\/li>\n<li><div class=\"wp-block-latest-posts__featured-image alignleft\"><a href=\"https:\/\/bdese.emalti-rh.fr\/index.php\/2023\/10\/13\/bdese-saas\/\" aria-label=\"Pourquoi un logiciel BDESE en mode SAAS ?\"><img loading=\"lazy\" decoding=\"async\" width=\"150\" height=\"150\" src=\"https:\/\/bdese.emalti-rh.fr\/wp-content\/uploads\/2023\/10\/1-150x150.png\" class=\"attachment-thumbnail size-thumbnail wp-post-image\" alt=\"BDESE SAAS\" style=\"\" \/><\/a><\/div><a class=\"wp-block-latest-posts__post-title\" href=\"https:\/\/bdese.emalti-rh.fr\/index.php\/2023\/10\/13\/bdese-saas\/\">Pourquoi un logiciel BDESE en mode SAAS ?<\/a><div class=\"wp-block-latest-posts__post-author\">par Thibaut RAMON<\/div><time datetime=\"2023-10-13T15:30:00+02:00\" class=\"wp-block-latest-posts__post-date\">13 octobre 2023<\/time><div class=\"wp-block-latest-posts__post-excerpt\">Le mod\u00e8le SaaS (Software as a Service) pr\u00e9sente de nombreux avantages pour les entreprises. Ces avantages s&#8217;appliquent \u00e9galement \u00e0 notre logiciel BDESE. Voici quelques-uns des avantages cl\u00e9s du mod\u00e8le SaaS pour un logiciel BDESE. Accessibilit\u00e9 \u00e0 distance Les utilisateurs peuvent acc\u00e9der au logiciel BDESE depuis n&#8217;importe quel endroit avec une connexion internet. Ceci facilite la\u2026 <a class=\"wp-block-latest-posts__read-more\" href=\"https:\/\/bdese.emalti-rh.fr\/index.php\/2023\/10\/13\/bdese-saas\/\" rel=\"noopener noreferrer\">Lire la suite<span class=\"screen-reader-text\">\u00a0: Pourquoi un logiciel BDESE en mode SAAS ?<\/span><\/a><\/div><\/li>\n<\/ul>\n\n\n<h2 class=\"wp-block-heading\" id=\"h-mais-finalement-pourquoi-cette-page-d-actualites\">Mais finalement, pourquoi cette page d&#8217;actualit\u00e9s ?<\/h2>\n\n\n\n<p>Nous avons souhait\u00e9 cr\u00e9er cette page d&#8217;actualit\u00e9s sociales pour vous permettre de comprendre comment la soci\u00e9t\u00e9 \u00e9volue et quels sont les d\u00e9fis auxquels elle est confront\u00e9e. <\/p>\n\n\n\n<p>Ce qui nous permettra \u00e9galement d&#8217;appr\u00e9hender les attitudes et les changements politiques au fil du temps.<\/p>\n\n\n\n<p>Les actualit\u00e9s sociales mettent en lumi\u00e8re des probl\u00e8mes tels que l&#8217;injustice sociale, la discrimination, les in\u00e9galit\u00e9s, etc. En \u00e9tant inform\u00e9(e), vous \u00eates plus enclin(e) \u00e0 vous impliquer dans des actions visant \u00e0 r\u00e9soudre ces probl\u00e8mes \u00e9ventuellement pr\u00e9sents dans votre entreprise.<\/p>\n\n\n\n<h2 class=\"wp-block-heading\" id=\"h-actualites-bdese-pour-une-p-rise-de-decisions-eclairees\">Actualit\u00e9s BDESE : pour une p<strong>rise de d\u00e9cisions \u00e9clair\u00e9es<\/strong> !<\/h2>\n\n\n\n<p>Nos actualit\u00e9s peuvent vous aider \u00e0 prendre des d\u00e9cisions \u00e9clair\u00e9es car il est essentiel de vous tenir inform\u00e9(e) des \u00e9v\u00e9nements et des probl\u00e9matiques qui se d\u00e9roulent dans votre communaut\u00e9 RH, votre pays mais aussi dans le monde. Cela vous aide \u00e0 comprendre le contexte dans lequel vous vivez. Nos actualit\u00e9s vous donnent des informations cruciales pour prendre des d\u00e9cisions avis\u00e9es.<\/p>\n\n\n\n<p>Mais n&#8217;oubliez pas d&#8217;utiliser diverses sources d&#8217;information pour obtenir une image compl\u00e8te de la situation et m\u00e9fiez vous des biais potentiels dans l&#8217;information !<\/p>\n\n\n\n<h2 class=\"wp-block-heading\" id=\"h-dialogue-et-debats\"><strong>Dialogue et D\u00e9bats<\/strong><\/h2>\n\n\n\n<p>Les actualit\u00e9s sociales alimentent les conversations et les d\u00e9bats, ce qui contribue \u00e0 stimuler l&#8217;\u00e9change d&#8217;id\u00e9es et la r\u00e9flexion critique.<\/p>\n\n\n\n<p>Cependant, il est important de consommer des informations de mani\u00e8re critique et \u00e9quilibr\u00e9e. Les m\u00e9dias peuvent avoir des biais, et il est essentiel de diversifier vos sources d&#8217;information pour obtenir une perspective compl\u00e8te sur les \u00e9v\u00e9nements sociaux<\/p>\n\n\n\n<div class=\"wp-block-group alignfull has-text-color has-background is-layout-flow wp-block-group-is-layout-flow\" style=\"color:#000000;background-color:#ffffff\">\n<div style=\"height:38px\" aria-hidden=\"true\" class=\"wp-block-spacer\"><\/div>\n\n\n\n<h3 class=\"wp-block-heading has-text-align-left has-hover-color has-text-color\" id=\"schedule-a-visit\" style=\"font-size:59px;line-height:1.15\"><strong>n&#8217;attendez plus et d\u00e9couvrez <\/strong>gratuitement notre <a href=\"https:\/\/bdese.emalti-rh.fr\/index.php\/logiciel-bdese\/\">Logiciel BDESE<\/a><\/h3>\n\n\n\n<div class=\"wp-block-buttons is-horizontal is-content-justification-center is-layout-flex wp-container-core-buttons-is-layout-03627597 wp-block-buttons-is-layout-flex\">\n<div class=\"wp-block-button has-custom-width wp-block-button__width-50\"><a class=\"wp-block-button__link has-hover-background-color has-text-color has-background wp-element-button\" href=\"https:\/\/bdese.emalti-rh.fr\/index.php\/web-demo-gratuite\/\" style=\"border-radius:50px;color:#ffffff\">demande de web d\u00e9mo, 15 minutes, pas plus !<\/a><\/div>\n<\/div>\n\n\n\n<div style=\"height:64px\" aria-hidden=\"true\" class=\"wp-block-spacer\"><\/div>\n\n\n\n<h2 class=\"wp-block-heading\">En compl\u00e9ment du SIRH<\/h2>\n\n\n\n<p>notre logiciel BDESE vient en compl\u00e9ment de votre SIRH, et plus particuli\u00e8rement notre SIRH : <a href=\"https:\/\/www.emalti-rh.com\/modules-sirh\/\" target=\"_blank\" rel=\"noreferrer noopener\">Emalti-RH<\/a><\/p>\n\n\n\n<figure class=\"wp-block-image size-full\"><a href=\"https:\/\/www.emalti-rh.com\/modules-sirh\/\" target=\"_blank\" rel=\"noreferrer noopener\"><img loading=\"lazy\" decoding=\"async\" width=\"594\" height=\"205\" src=\"https:\/\/bdese.emalti-rh.fr\/wp-content\/uploads\/2023\/10\/emaltiRH-594x205-1.png\" alt=\"Emalti-RH\" class=\"wp-image-39\" srcset=\"https:\/\/bdese.emalti-rh.fr\/wp-content\/uploads\/2023\/10\/emaltiRH-594x205-1.png 594w, https:\/\/bdese.emalti-rh.fr\/wp-content\/uploads\/2023\/10\/emaltiRH-594x205-1-300x104.png 300w\" sizes=\"auto, (max-width: 594px) 100vw, 594px\" \/><\/a><figcaption class=\"wp-element-caption\">Emalti-RH<\/figcaption><\/figure>\n<\/div>\n","protected":false},"excerpt":{"rendered":"<p>En qu\u00eate d&#8217;actualit\u00e9s BDESE ? Vous \u00eates \u00e0 la recherche d&#8217;informations r\u00e9centes sur la Base de Donn\u00e9es Economiques, Sociales et Environnementales, et bien les actualit\u00e9s BDESE c&#8217;est par ici : Mais finalement, pourquoi cette page d&#8217;actualit\u00e9s ? Nous avons souhait\u00e9 cr\u00e9er cette page d&#8217;actualit\u00e9s sociales pour vous permettre de comprendre comment la soci\u00e9t\u00e9 \u00e9volue et [&hellip;]<\/p>\n","protected":false},"author":1,"featured_media":255,"parent":0,"menu_order":0,"comment_status":"closed","ping_status":"closed","template":"","meta":{"om_disable_all_campaigns":false,"_monsterinsights_skip_tracking":false,"_monsterinsights_sitenote_active":false,"_monsterinsights_sitenote_note":"","_monsterinsights_sitenote_category":0,"_uf_show_specific_survey":0,"_uf_disable_surveys":false,"footnotes":""},"class_list":["post-371","page","type-page","status-publish","has-post-thumbnail","hentry"],"yoast_head":"<!-- This site is optimized with the Yoast SEO Premium plugin v23.1 (Yoast SEO v27.2) - https:\/\/yoast.com\/product\/yoast-seo-premium-wordpress\/ -->\n<title>Actualit\u00e9s BDESE - BDESE par Emalti-RH<\/title>\n<meta name=\"description\" content=\"Vous retrouverez sur cette page toutes les actualit\u00e9s BDESE : la Base de Donn\u00e9es Economiques, sociales et Environnementales\" \/>\n<meta name=\"robots\" content=\"index, follow, max-snippet:-1, max-image-preview:large, max-video-preview:-1\" \/>\n<link rel=\"canonical\" href=\"https:\/\/bdese.emalti-rh.fr\/index.php\/actualites-bdese\/\" \/>\n<meta property=\"og:locale\" content=\"fr_FR\" \/>\n<meta property=\"og:type\" content=\"article\" \/>\n<meta property=\"og:title\" content=\"Actualit\u00e9s BDESE\" \/>\n<meta property=\"og:description\" content=\"Vous retrouverez sur cette page toutes les actualit\u00e9s BDESE : la Base de Donn\u00e9es Economiques, sociales et Environnementales\" \/>\n<meta property=\"og:url\" content=\"https:\/\/bdese.emalti-rh.fr\/index.php\/actualites-bdese\/\" \/>\n<meta property=\"og:site_name\" content=\"BDESE par Emalti-RH\" \/>\n<meta property=\"article:modified_time\" content=\"2023-10-25T07:34:15+00:00\" \/>\n<meta property=\"og:image\" content=\"https:\/\/bdese.emalti-rh.fr\/wp-content\/uploads\/2023\/10\/Actualites-BDESE-scaled.jpeg\" \/>\n\t<meta property=\"og:image:width\" content=\"2560\" \/>\n\t<meta property=\"og:image:height\" content=\"1533\" \/>\n\t<meta property=\"og:image:type\" content=\"image\/jpeg\" \/>\n<meta name=\"twitter:card\" content=\"summary_large_image\" \/>\n<meta name=\"twitter:label1\" content=\"Dur\u00e9e de lecture estim\u00e9e\" \/>\n\t<meta name=\"twitter:data1\" content=\"2 minutes\" \/>\n<script type=\"application\/ld+json\" class=\"yoast-schema-graph\">{\"@context\":\"https:\/\/schema.org\",\"@graph\":[{\"@type\":\"WebPage\",\"@id\":\"https:\/\/bdese.emalti-rh.fr\/index.php\/actualites-bdese\/\",\"url\":\"https:\/\/bdese.emalti-rh.fr\/index.php\/actualites-bdese\/\",\"name\":\"Actualit\u00e9s BDESE - BDESE par Emalti-RH\",\"isPartOf\":{\"@id\":\"https:\/\/bdese.emalti-rh.fr\/#website\"},\"primaryImageOfPage\":{\"@id\":\"https:\/\/bdese.emalti-rh.fr\/index.php\/actualites-bdese\/#primaryimage\"},\"image\":{\"@id\":\"https:\/\/bdese.emalti-rh.fr\/index.php\/actualites-bdese\/#primaryimage\"},\"thumbnailUrl\":\"https:\/\/bdese.emalti-rh.fr\/wp-content\/uploads\/2023\/10\/Actualites-BDESE-scaled.jpeg\",\"datePublished\":\"2023-10-20T12:38:11+00:00\",\"dateModified\":\"2023-10-25T07:34:15+00:00\",\"description\":\"Vous retrouverez sur cette page toutes les actualit\u00e9s BDESE : la Base de Donn\u00e9es Economiques, sociales et Environnementales\",\"breadcrumb\":{\"@id\":\"https:\/\/bdese.emalti-rh.fr\/index.php\/actualites-bdese\/#breadcrumb\"},\"inLanguage\":\"fr-FR\",\"potentialAction\":[{\"@type\":\"ReadAction\",\"target\":[\"https:\/\/bdese.emalti-rh.fr\/index.php\/actualites-bdese\/\"]}]},{\"@type\":\"ImageObject\",\"inLanguage\":\"fr-FR\",\"@id\":\"https:\/\/bdese.emalti-rh.fr\/index.php\/actualites-bdese\/#primaryimage\",\"url\":\"https:\/\/bdese.emalti-rh.fr\/wp-content\/uploads\/2023\/10\/Actualites-BDESE-scaled.jpeg\",\"contentUrl\":\"https:\/\/bdese.emalti-rh.fr\/wp-content\/uploads\/2023\/10\/Actualites-BDESE-scaled.jpeg\",\"width\":2560,\"height\":1533,\"caption\":\"Actualit\u00e9s BDESE\"},{\"@type\":\"BreadcrumbList\",\"@id\":\"https:\/\/bdese.emalti-rh.fr\/index.php\/actualites-bdese\/#breadcrumb\",\"itemListElement\":[{\"@type\":\"ListItem\",\"position\":1,\"name\":\"Accueil\",\"item\":\"https:\/\/bdese.emalti-rh.fr\/\"},{\"@type\":\"ListItem\",\"position\":2,\"name\":\"Actualit\u00e9s BDESE\"}]},{\"@type\":\"WebSite\",\"@id\":\"https:\/\/bdese.emalti-rh.fr\/#website\",\"url\":\"https:\/\/bdese.emalti-rh.fr\/\",\"name\":\"BDESE par Emalti-RH\",\"description\":\"diffusez simplement et rapidement votre BDESE\",\"publisher\":{\"@id\":\"https:\/\/bdese.emalti-rh.fr\/#organization\"},\"potentialAction\":[{\"@type\":\"SearchAction\",\"target\":{\"@type\":\"EntryPoint\",\"urlTemplate\":\"https:\/\/bdese.emalti-rh.fr\/?s={search_term_string}\"},\"query-input\":{\"@type\":\"PropertyValueSpecification\",\"valueRequired\":true,\"valueName\":\"search_term_string\"}}],\"inLanguage\":\"fr-FR\"},{\"@type\":\"Organization\",\"@id\":\"https:\/\/bdese.emalti-rh.fr\/#organization\",\"name\":\"Emalti-RH\",\"url\":\"https:\/\/bdese.emalti-rh.fr\/\",\"logo\":{\"@type\":\"ImageObject\",\"inLanguage\":\"fr-FR\",\"@id\":\"https:\/\/bdese.emalti-rh.fr\/#\/schema\/logo\/image\/\",\"url\":\"http:\/\/bdese.emalti-rh.fr\/wp-content\/uploads\/2023\/10\/emaltiRH-594x205-1.png\",\"contentUrl\":\"http:\/\/bdese.emalti-rh.fr\/wp-content\/uploads\/2023\/10\/emaltiRH-594x205-1.png\",\"width\":594,\"height\":205,\"caption\":\"Emalti-RH\"},\"image\":{\"@id\":\"https:\/\/bdese.emalti-rh.fr\/#\/schema\/logo\/image\/\"},\"sameAs\":[\"https:\/\/www.linkedin.com\/company\/tr-developpement-sas\/\"]}]}<\/script>\n<!-- \/ Yoast SEO Premium plugin. -->","yoast_head_json":{"title":"Actualit\u00e9s BDESE - BDESE par Emalti-RH","description":"Vous retrouverez sur cette page toutes les actualit\u00e9s BDESE : la Base de Donn\u00e9es Economiques, sociales et Environnementales","robots":{"index":"index","follow":"follow","max-snippet":"max-snippet:-1","max-image-preview":"max-image-preview:large","max-video-preview":"max-video-preview:-1"},"canonical":"https:\/\/bdese.emalti-rh.fr\/index.php\/actualites-bdese\/","og_locale":"fr_FR","og_type":"article","og_title":"Actualit\u00e9s BDESE","og_description":"Vous retrouverez sur cette page toutes les actualit\u00e9s BDESE : la Base de Donn\u00e9es Economiques, sociales et Environnementales","og_url":"https:\/\/bdese.emalti-rh.fr\/index.php\/actualites-bdese\/","og_site_name":"BDESE par Emalti-RH","article_modified_time":"2023-10-25T07:34:15+00:00","og_image":[{"width":2560,"height":1533,"url":"https:\/\/bdese.emalti-rh.fr\/wp-content\/uploads\/2023\/10\/Actualites-BDESE-scaled.jpeg","type":"image\/jpeg"}],"twitter_card":"summary_large_image","twitter_misc":{"Dur\u00e9e de lecture estim\u00e9e":"2 minutes"},"schema":{"@context":"https:\/\/schema.org","@graph":[{"@type":"WebPage","@id":"https:\/\/bdese.emalti-rh.fr\/index.php\/actualites-bdese\/","url":"https:\/\/bdese.emalti-rh.fr\/index.php\/actualites-bdese\/","name":"Actualit\u00e9s BDESE - BDESE par Emalti-RH","isPartOf":{"@id":"https:\/\/bdese.emalti-rh.fr\/#website"},"primaryImageOfPage":{"@id":"https:\/\/bdese.emalti-rh.fr\/index.php\/actualites-bdese\/#primaryimage"},"image":{"@id":"https:\/\/bdese.emalti-rh.fr\/index.php\/actualites-bdese\/#primaryimage"},"thumbnailUrl":"https:\/\/bdese.emalti-rh.fr\/wp-content\/uploads\/2023\/10\/Actualites-BDESE-scaled.jpeg","datePublished":"2023-10-20T12:38:11+00:00","dateModified":"2023-10-25T07:34:15+00:00","description":"Vous retrouverez sur cette page toutes les actualit\u00e9s BDESE : la Base de Donn\u00e9es Economiques, sociales et Environnementales","breadcrumb":{"@id":"https:\/\/bdese.emalti-rh.fr\/index.php\/actualites-bdese\/#breadcrumb"},"inLanguage":"fr-FR","potentialAction":[{"@type":"ReadAction","target":["https:\/\/bdese.emalti-rh.fr\/index.php\/actualites-bdese\/"]}]},{"@type":"ImageObject","inLanguage":"fr-FR","@id":"https:\/\/bdese.emalti-rh.fr\/index.php\/actualites-bdese\/#primaryimage","url":"https:\/\/bdese.emalti-rh.fr\/wp-content\/uploads\/2023\/10\/Actualites-BDESE-scaled.jpeg","contentUrl":"https:\/\/bdese.emalti-rh.fr\/wp-content\/uploads\/2023\/10\/Actualites-BDESE-scaled.jpeg","width":2560,"height":1533,"caption":"Actualit\u00e9s BDESE"},{"@type":"BreadcrumbList","@id":"https:\/\/bdese.emalti-rh.fr\/index.php\/actualites-bdese\/#breadcrumb","itemListElement":[{"@type":"ListItem","position":1,"name":"Accueil","item":"https:\/\/bdese.emalti-rh.fr\/"},{"@type":"ListItem","position":2,"name":"Actualit\u00e9s BDESE"}]},{"@type":"WebSite","@id":"https:\/\/bdese.emalti-rh.fr\/#website","url":"https:\/\/bdese.emalti-rh.fr\/","name":"BDESE par Emalti-RH","description":"diffusez simplement et rapidement votre BDESE","publisher":{"@id":"https:\/\/bdese.emalti-rh.fr\/#organization"},"potentialAction":[{"@type":"SearchAction","target":{"@type":"EntryPoint","urlTemplate":"https:\/\/bdese.emalti-rh.fr\/?s={search_term_string}"},"query-input":{"@type":"PropertyValueSpecification","valueRequired":true,"valueName":"search_term_string"}}],"inLanguage":"fr-FR"},{"@type":"Organization","@id":"https:\/\/bdese.emalti-rh.fr\/#organization","name":"Emalti-RH","url":"https:\/\/bdese.emalti-rh.fr\/","logo":{"@type":"ImageObject","inLanguage":"fr-FR","@id":"https:\/\/bdese.emalti-rh.fr\/#\/schema\/logo\/image\/","url":"http:\/\/bdese.emalti-rh.fr\/wp-content\/uploads\/2023\/10\/emaltiRH-594x205-1.png","contentUrl":"http:\/\/bdese.emalti-rh.fr\/wp-content\/uploads\/2023\/10\/emaltiRH-594x205-1.png","width":594,"height":205,"caption":"Emalti-RH"},"image":{"@id":"https:\/\/bdese.emalti-rh.fr\/#\/schema\/logo\/image\/"},"sameAs":["https:\/\/www.linkedin.com\/company\/tr-developpement-sas\/"]}]}},"_links":{"self":[{"href":"https:\/\/bdese.emalti-rh.fr\/index.php\/wp-json\/wp\/v2\/pages\/371","targetHints":{"allow":["GET"]}}],"collection":[{"href":"https:\/\/bdese.emalti-rh.fr\/index.php\/wp-json\/wp\/v2\/pages"}],"about":[{"href":"https:\/\/bdese.emalti-rh.fr\/index.php\/wp-json\/wp\/v2\/types\/page"}],"author":[{"embeddable":true,"href":"https:\/\/bdese.emalti-rh.fr\/index.php\/wp-json\/wp\/v2\/users\/1"}],"replies":[{"embeddable":true,"href":"https:\/\/bdese.emalti-rh.fr\/index.php\/wp-json\/wp\/v2\/comments?post=371"}],"version-history":[{"count":2,"href":"https:\/\/bdese.emalti-rh.fr\/index.php\/wp-json\/wp\/v2\/pages\/371\/revisions"}],"predecessor-version":[{"id":458,"href":"https:\/\/bdese.emalti-rh.fr\/index.php\/wp-json\/wp\/v2\/pages\/371\/revisions\/458"}],"wp:featuredmedia":[{"embeddable":true,"href":"https:\/\/bdese.emalti-rh.fr\/index.php\/wp-json\/wp\/v2\/media\/255"}],"wp:attachment":[{"href":"https:\/\/bdese.emalti-rh.fr\/index.php\/wp-json\/wp\/v2\/media?parent=371"}],"curies":[{"name":"wp","href":"https:\/\/api.w.org\/{rel}","templated":true}]}}